lse
Is 6 a factor of 55?
False
Does 64 divide 27870?
False
Is 25681 a multiple of 65?
False
Does 13 divide 31928?
True
Is 14 a factor of 9408?
True
Does 24 divide 11350?
False
Is 43 a factor of 387?
True
Does 67 divide 8777?
True
Is 569 a multiple of 35?
False
Is 9269 a multiple of 23?
True
Does 38 divide 646?
True
Is 765 a multiple of 17?
True
Is 96 a factor of 1780?
False
Does 3 divide 1902?
True
Is 4522 a multiple of 34?
True
Does 21 divide 210?
True
Does 10 divide 80?
True
Is 9 a factor of 3537?
True
Is 8602 a multiple of 190?
False
Is 26 a factor of 141310?
True
Is 283 a multiple of 19?
False
Is 99 a factor of 4209?
False
Is 8 a factor of 800?
True
Is 90 a factor of 1260?
True
Is 59 a factor of 12921?
True
Is 5 a factor of 16310?
True
Is 365 a multiple of 10?
False
Is 20891 a multiple of 130?
False
Does 4 divide 849?
False
Does 5 divide 4995?
True
Is 61 a factor of 25244?
False
Does 9 divide 519?
False
Does 12 divide 5250?
False
Does 27 divide 4806?
True
Is 6670 a multiple of 40?
False
Is 206181 a multiple of 24?
False
Is 68 a factor of 25585?
False
Is 45 a factor of 1440?
True
Is 73128 a multiple of 44?
True
Does 15 divide 19380?
True
Does 33 divide 1035?
False
Is 30 a factor of 1003?
False
Is 26 a factor of 976?
False
Is 75544 a multiple of 76?
True
Does 3 divide 5009?
False
Is 27 a factor of 189?
True
Is 5968 a multiple of 139?
False
Does 8 divide 96?
True
Does 22 divide 308?
True
Does 100 divide 4777?
False
Is 710 even?
True
Is 1343 a multiple of 15?
False
Is 13 a factor of 5649?
False
Is 257 even?
False
Is 59 a factor of 29795?
True
Is 35 a factor of 9065?
True
Is 66 a factor of 2886?
False
Is 6 a factor of 1371?
False
Does 11 divide 4499?
True
Is 8932 a multiple of 77?
True
Is 600 a multiple of 25?
True
Does 27 divide 68?
False
Is 48 a factor of 23424?
True
Does 33 divide 46317?
False
Is 22116 a multiple of 12?
True
Is 242 a multiple of 43?
False
Is 37 a factor of 14689?
True
Is 2449 a multiple of 79?
True
Does 44 divide 1361?
False
Is 18446 a multiple of 46?
True
Does 4 divide 1764?
True
Is 13 a factor of 8838?
False
Is 1830 a multiple of 61?
True
Is 21 a factor of 38367?
True
Is 4094 a multiple of 23?
True
Does 132 divide 9900?
True
Does 8 divide 184?
True
Is 74 a factor of 3051?
False
Is 17 a factor of 1460?
False
Is 161 a multiple of 2?
False
Does 16 divide 2768?
True
Is 1263 a multiple of 60?
False
Is 1077 a multiple of 60?
False
Is 2223 a multiple of 9?
True
Does 12 divide 9528?
True
Is 4008 a multiple of 114?
False
Does 27 divide 51651?
True
Is 2610 a multiple of 100?
False
Does 15 divide 10335?
True
Is 30702 a multiple of 100?
False
Does 24 divide 734?
False
Is 390 a multiple of 7?
False
Is 8 a factor of 1064?
True
Is 10 a factor of 10700?
True
Is 15 a factor of 1258?
False
Is 27900 a multiple of 60?
True
Does 15 divide 16064?
False
Is 31 a factor of 2728?
True
Does 30 divide 304?
False
Does 180 divide 7920?
True
Does 26 divide 930?
False
Is 654 a multiple of 6?
True
Does 27 divide 7916?
False
Is 11 a factor of 176?
True
Is 721 a multiple of 12?
False
Is 15532 a multiple of 12?
False
Is 832 a multiple of 64?
True
Is 32 a factor of 4352?
True
Is 431 a multiple of 62?
False
Does 298 divide 58260?
False
Does 58 divide 638?
True
Is 3587 a multiple of 81?
False
Is 346 a multiple of 19?
False
Is 1586 a multiple of 63?
False
Is 13 a factor of 9187?
False
Is 16 a factor of 537?
False
Does 32 divide 9449?
False
Is 15 a factor of 14265?
True
Does 4 divide 557?
False
Is 1927 a multiple of 22?
False
Is 3 a factor of 6624?
True
Does 140 divide 3588?
False
Is 4 a factor of 35?
False
Does 41 divide 21348?
False
Does 18 divide 4889?
False
Is 53 a factor of 2491?
True
Is 1164 a multiple of 12?
True
Does 47 divide 470?
True
Is 912 a multiple of 12?
True
Is 2081 a multiple of 24?
False
Does 23 divide 15525?
True
Does 16 divide 8448?
True
Does 49 divide 12593?
True
Is 18 a factor of 6158?
False
Is 5 a factor of 3405?
True
Is 378 a multiple of 14?
True
Is 21 a factor of 24486?
True
Is 360 a multiple of 21?
False
Does 23 divide 172799?
True
Does 14 divide 6552?
True
Does 32 divide 4544?
True
Is 15 a factor of 9090?
True
Is 348 even?
True
Is 196 a multiple of 14?
True
Does 6 divide 822?
True
Is 67 a factor of 22563?
False
Is 8 a factor of 7368?
True
Is 9 a factor of 2349?
True
Is 23 a factor of 483?
True
Is 644 a multiple of 7?
True
Is 44370 a multiple of 15?
True
Does 91 divide 88432?
False
Is 9 a factor of 957?
False
Does 7 divide 60?
False
Is 12 a factor of 120?
True
Does 42 divide 3852?
False
Is 60 a factor of 39959?
False
Is 2117 a multiple of 29?
True
Is 37 a factor of 26714?
True
Is 916 a multiple of 10?
False
Is 22 a factor of 787?
False
Is 529 a multiple of 56?
False
Does 17 divide 681?
False
Does 24 divide 5574?
False
Is 364 a multiple of 26?
True
Does 74 divide 9570?
False
Does 83 divide 25781?
False
Does 13 divide 952?
False
Is 16 a factor of 6673?
False
Is 6517 a multiple of 7?
True
Is 51997 a multiple of 183?
False
Is 373 a multiple of 7?
False
Does 275 divide 9350?
True
Does 152 divide 22192?
True
Does 24 divide 7915?
False
Is 2439 a multiple of 3?
True
Does 17 divide 833?
True
Does 6 divide 384?
True
Is 36272 a multiple of 16?
True
Is 1292 a multiple of 34?
True
Does 44 divide 2904?
True
Does 291 divide 69628?
False
Does 13 divide 8671?
True
Is 7 a factor of 1092?
True
Does 17 divide 374?
True
Does 32 divide 21431?
False
Does 5 divide 1015?
True
Does 12 divide 42624?
True
Does 90 divide 35640?
True
Is 8070 a multiple of 62?
False
Is 188 a factor of 752?
True
Does 13 divide 5556?
False
Does 12 divide 312?
True
Does 15 divide 711?
False
Does 25 divide 12464?
False
Is 2069 a multiple of 17?
False
Is 359 a multiple of 3?
False
Is 2296 a multiple of 56?
True
Does 19 divide 87?
False
Is 690 even?
True
Is 258 a multiple of 16?
False
Is 216 a multiple of 9?
True
Is 1074 a multiple of 132?
False
Does 20 divide 35206?
False
Does 16 divide 1306?
False
Is 1877 a multiple of 32?
False
Is 13 a factor of 7098?
True
Does 10 divide 3150?
True
Is 16 a factor of 15032?
False
Does 21 divide 630?
True
Does 6 divide 744?
True
Does 10 divide 1046?
False
Is 376 a multiple of 40?
False
Is 21 a factor of 46261?
False
Is 21 a factor of 21672?
True
Does 437 divide 79075?
False
Does 24 divide 66120?
True
Is 26 a factor of 17491?
False
Is 21 a factor of 3836?
False
Does 4 divide 77?
False
Does 8 divide 1112?
True
Does 4 divide 125?
False
Does 14 divide 9724?
False
Is 85 a factor of 33490?
True
Is 520 a multiple of 20?
True
Is 5624 a multiple of 19?
True
Is 34193 a multiple of 49?
False
Does 58 divide 290?
True
Is 11883 a multiple of 170?
False
Is 14 a factor of 320?
False
Does 4 divide 2837?
False
Is 150 a factor of 28500?
True
Is 18 a factor of 234?
True
Does 3 divide 44?
False
Is 23103 a multiple of 22?
False
Is 25 a factor of 175?
True
Is 14 a factor of 1628?
False
Is 11316 a multiple of 9?
False
Is 18 a factor of 35982?
True
Is 566 a multiple of 37?
False
Does 54 divide 11394?
True
Is 27 a factor of 2063?
False
Is 9604 a multiple of 15?
False
Is 4248 a multiple of 118?
True
Is 3832 a multiple of 8?
True
Does 11 divide 2090?
True
Is 35733 a multiple of 6?
False
Does 98 divide 39226?
False
Is 69 a factor of 3525?
False
Is 26 a factor of 1118?
True
Is 3 a factor of 106?
False
Is 86 a multiple of 3?
False
Does 15 divide 12072?
False
Is 106 a multiple of 11?
False
Is 58 a factor of 872?
False
Does 21 divide 1239?
True
Is 8 a factor of 512?
True
Does 9 divide 558?
True
Is 9 a factor of 9?
True
Does 74 divide 89614?
True
Is 929 a multiple of 36?
False
Is 776 a multiple of 17?
False
Is 33 a factor of 5649?
False
Is 5 a factor of 2165?
True
Is 5866 a multiple of 7?
True
Is 7 a factor of 159?
False
Is 12849 a multiple of 331?
False
Does 33 divide 33?
True
Does 73 divide 8322?
True
Does 15 divide 3630?
True
Does 14 divide 812?
True
Does 6 divide 2802?
True
Is 286 a factor of 12584?
True
Does 35 divide 12579?
False
Does 3 divide 561?
True
Is 5537 a multiple of 6?
False
Does 10 divide 7280?
True
Is 1002 a multiple of 47?
False
Is 23 a factor of 2780?
False
Does 129 divide 12390?
False
Is 29 a factor of 174?
True
Is 5 a factor of 2843?
False
Is 111 even?
False
Does 9 divide 936?
True
Is 589 a multiple of 9?
False
Is 36761 a multiple of 16?
False
Is 7881 a multiple o